843?
8
What is the units digit of 26922?
2
What is the units digit of 63631?
1
What is the ten thousands digit of 29245?
2
What is the tens digit of 374?
7
What is the tens digit of 442?
4
What is the hundreds digit of 89599?
5
What is the thousands digit of 9315?
9
What is the tens digit of 1335?
3
What is the units digit of 428?
8
What is the tens digit of 561?
6
What is the hundreds digit of 1028?
0
What is the units digit of 14?
4
What is the units digit of 7358?
8
What is the units digit of 1147?
7
What is the units digit of 4087?
7
What is the units digit of 364?
4
What is the hundreds digit of 20937?
9
What is the hundreds digit of 2003?
0
What is the units digit of 8177?
7
What is the units digit of 10372?
2
What is the units digit of 153715?
5
What is the units digit of 8356?
6
What is the units digit of 487?
7
What is the units digit of 17852?
2
What is the tens digit of 87595?
9
What is the units digit of 5416?
6
What is the ten thousands digit of 14049?
1
What is the tens digit of 14523?
2
What is the units digit of 8897?
7
What is the tens digit of 35119?
1
What is the tens digit of 24371?
7
What is the tens digit of 51213?
1
What is the ten thousands digit of 61824?
6
What is the tens digit of 1269?
6
What is the hundreds digit of 9485?
4
What is the hundreds digit of 7434?
4
What is the thousands digit of 27449?
7
What is the thousands digit of 2543?
2
What is the units digit of 946?
6
What is the hundreds digit of 9728?
7
What is the units digit of 2095?
5
What is the hundred thousands digit of 111433?
1
What is the tens digit of 252?
5
What is the hundreds digit of 1832?
8
What is the thousands digit of 3568?
3
What is the units digit of 4287?
7
What is the thousands digit of 8176?
8
What is the units digit of 9698?
8
What is the thousands digit of 6385?
6
What is the ten thousands digit of 161965?
6
What is the thousands digit of 10062?
0
What is the thousands digit of 42342?
2
What is the hundreds digit of 891?
8
What is the hundreds digit of 26385?
3
What is the tens digit of 212?
1
What is the tens digit of 32219?
1
What is the units digit of 324?
4
What is the hundreds digit of 23351?
3
What is the units digit of 3826?
6
What is the tens digit of 383?
8
What is the thousands digit of 2745?
2
What is the tens digit of 7597?
9
What is the thousands digit of 26023?
6
What is the tens digit of 298?
9
What is the units digit of 1959?
9
What is the thousands digit of 19639?
9
What is the tens digit of 23825?
2
What is the units digit of 781?
1
What is the units digit of 224?
4
What is the thousands digit of 45370?
5
What is the ten thousands digit of 71829?
7
What is the thousands digit of 28224?
8
What is the thousands digit of 21977?
1
What is the tens digit of 4755?
5
What is the tens digit of 75159?
5
What is the hundreds digit of 49692?
6
What is the thousands digit of 107826?
7
What is the tens digit of 710?
1
What is the hundreds digit of 31226?
2
What is the hundreds digit of 2973?
9
What is the tens digit of 21784?
8
What is the units digit of 3757?
7
What is the units digit of 513?
3
What is the ten thousands digit of 38862?
3
What is the hundreds digit of 3338?
3
What is the units digit of 675?
5
What is the hundreds digit of 5377?
3
What is the hundreds digit of 12880?
8
What is the tens digit of 36240?
4
What is the tens digit of 1061?
6
What is the thousands digit of 2850?
2
What is the tens digit of 88191?
9
What is the units digit of 34544?
4
What is the ten thousands digit of 81980?
8
What is the thousands digit of 3218?
3
What is the units digit of 2033?
3
What is the thousands digit of 3100?
3
What is the tens digit of 23739?
3
What is the hundreds digit of 37407?
4
What is the units digit of 939?
9
What is the thousands digit of 26551?
6
What is the tens digit of 1685?
8
What is the hundreds digit of 605?
6
What is the hundreds digit of 11060?
0
What is the hundreds digit of 992?
9
What is the units digit of 1524?
4
What is the tens digit of 1785?
8
What is the tens digit of 13363?
6
What is the hundreds digit of 813?
8
What is the thousands digit of 30857?
0
What is the ten thousands digit of 55594?
5
What is the tens digit of 878?
7
What is the hundreds digit of 254?
2
What is the tens digit of 8176?
7
What is the tens digit of 22100?
0
What is the ten thousands digit of 23729?
2
What is the hundreds digit of 3816?
8
What is the units digit of 49679?
9
What is the tens digit of 1128?
2
What is the units digit of 1928?
8
What is the units digit of 6945?
5
What is the hundreds digit of 14243?
2
What is the hundreds digit of 7295?
2
What is the hundreds digit of 22417?
4
What is the ten thousands digit of 23132?
2
What is the units digit of 2327?
7
What is the units digit of 2339?
9
What is the tens digit of 8430?
3
What is the thousands digit of 15707?
5
What is the hundreds digit of 616?
6
What is the hundreds digit of 4323?
3
What is the units digit of 46524?
4
What is the tens digit of 5515?
1
What is the hundreds digit of 29412?
4
What is the hundreds digit of 3083?
0
What is the units digit of 1336?
6
What is the hundreds digit of 791?
7
What is the units digit of 4298?
8
What is the ten thousands digit of 36177?
3
What is the units digit of 19045?
5
What is the tens digit of 730?
3
What is the thousands digit of 200650?
0
What is the tens digit of 1274?
7
What is the hundreds digit of 4644?
6
What is the ten thousands digit of 51098?
5
What is the tens digit of 1039?
3
What is the tens digit of 12288?
8
What is the units digit of 31601?
1
What is the thousands digit of 2753?
2
What is the hundreds digit of 719?
7
What is the tens digit of 16676?
7
What is the tens digit of 49473?
7
What is the thousands digit of 2267?
2
What is the ten thousands digit of 19740?
1
What is the thousands digit of 1657?
1
What is the tens digit of 15258?
5
What is the tens digit of 15430?
3
What is the units digit of 15873?
3
What is the units digit of 1819?
9
What is the hundreds digit of 246?
2
What is the hundreds digit of 5709?
7
What is the tens digit of 68?
6
What is the units digit of 798?
8
What is the hundreds digit of 3823?
8
What is the hundreds digit of 1303?
3
What is the units digit of 150288?
8
What is the units digit of 15523?
3
What is the thousands digit of 5760?
5
What is the tens digit of 260?
6
What is the thousands digit of 1400?
1
What is the thousands digit of 13244?
3
What is the hundreds digit of 10692?
6
What is the units digit of 1200?
0
What is the hundreds digit of 341?
3
What is the tens digit of 17227?
2
What is the hundreds digit of 3326?
3
What is the tens digit of 534?
3
What is the hundreds digit of 8296?
2
What is the hundreds digit of 582?
5
What is the thousands digit of 6052?
6
What is the tens digit of 3842?
4
What is the units digit of 14958?
8
What is the hundreds digit of 103472?
4
What is the ten thousands digit of 36330?
3
What is the thousands digit of 70317?
0
What is the tens digit of 1428?
2
What is the thousands digit of 34206?
4
What is the hundreds digit of 3817?
8
What is the hundreds digit of 4224?
2
What is the units digit of 4810?
0
What is the units digit of 148?
8
What is the hundreds digit of 20292?
2
What is the ten thousands digit of 45755?
4
What is the tens digit of 1148?
4
What is the tens digit of 850?
5
What is the thousands digit of 5647?
5
What is the thousands digit of 9306?
9
What is the hundreds digit of 3878?
8
What is the tens digit of 946?
4
What is the hundreds digit of 7020?
0
What is the hundreds digit of 13600?
6
What is the units digit of 279?
9
What is the units digit of 3417?
7
What is the thousands digit of 4282?
4
What is the units digit of 7186?
6
What is the units digit of 3597?
7
What is the thousands digit of 99450?
9
What is the tens digit of 8899?
9
What is the units digit of 783?
3
What is the tens digit of 2180?
8
What is the hundreds digit of 10893?
8
What is the thousands digit of 4226?
4
What is the hundreds digit of 5265?
2
What is the units digit of 753?
3
What is the tens digit of 43522?
2
What is the tens digit of 4927?
2
What is the tens digit of 13480?
8
What is the units digit of 84134?
4
What is the hundreds digit of 35512?
5
What is the hundreds digit of 2423?
4
What is the hundreds digit of 5963?
9
What is the unit